= 195, 40*j = -4*m + 38*j + 160. Calculate the remainder when 516 is divided by m.
24
Suppose 0 = 25*t + 63*t - 5*t - 9628. What is the remainder when t is divided by 64?
52
Let s(j) = -8*j - 92. Let k be s(-16). Suppose -39*d = -k*d - 93. What is the remainder when 91 is divided by d?
29
Suppose 28458 + 3428 + 32104 = 79*m. Calculate the remainder when m is divided by 43.
36
Suppose 0 = 24*z - 2751 - 441. Suppose -d = -4*o - z, -2*o - 2*o = -3*d + 375. What is the remainder when d is divided by 40?
1
Suppose 645 = 56*r - 855 + 492. Calculate the remainder when (-4)/(-14) + 166/7 is divided by r.
6
Let o = -2 + 18. Suppose 0 = 2*f - 2*r - 102, -r - 133 = -141. Calculate the remainder when f is divided by o.
11
Let i(z) = z**3 + 2*z**2 + 2*z + 19. Let y be i(-3). Suppose y*x - 4*h = 60, 0 = -2*x - h + 4*h + 31. What is the remainder when 0/1 + 4*7 is divided by x?
0
Suppose 2072 = -6*h + 154*h. Calculate the remainder when 6297 is divided by h.
11
Let h(y) = 6*y**3 + 540*y**2 + 11*y + 1141. Suppose -39 = -2*m + 23. Calculate the remainder when h(-90) is divided by m.
27
Let v = -71 + 143. Let m = 86 + v. What is the remainder when m is divided by 8?
6
Suppose 0 = -3*f - 2*f + 30. Suppose 11*r - 10*r = 4*c - 268, 3*r = 5*c - 349. What is the remainder when c is divided by f?
5
What is the remainder when 407 is divided by 409/4 - (-120)/(-480)?
101
Let s(f) = -57*f**2 + 1328*f - 21. What is the remainder when s(17) is divided by 52?
50
Let b(d) = -363*d + 3672. What is the remainder when b(9) is divided by 247?
158
Let w(c) = -c**3 - 6*c**2 - 4*c - 4. Let s = 16080 + -16068. What is the remainder when w(-6) is divided by s?
8
Let h(n) = -n**2 + 68*n + 663. What is the remainder when h(64) is divided by 116?
107
Calculate the remainder when 2205/(-189)*(-63)/3 is divided by 53.
33
Let v be ((-426)/8 + (-5 - -3))*4. Let u = 238 + v. Calculate the remainder when 107 is divided by u.
5
What is the remainder when 859/((23*(-18)/(-2484))/(1/3)) is divided by 855?
8
Suppose -5*n + 206 = 31. Let c be (-8 + 5 + 2)*-52. Let o = c + 49. What is the remainder when o is divided by n?
31
Suppose -4*k - 4*m = -428, 4*k + 2*m - 3*m - 408 = 0. What is the remainder when k is divided by 63?
40
Let f = 34 - 24. Suppose -6*n + 384 = -4*x - 2*n, f = -5*n. Let o = 28 - x. Calculate the remainder when o is divided by 43.
40
What is the remainder when 676 - (12 + -3 + -10) is divided by 8?
5
Let w be (0 - 8/(-12))*(2 + 1). Suppose 0 = 3*g - 15, w*g - 50 = -5*r - 0. What is the remainder when 38 is divided by r?
6
Let u(g) = 13*g + 5. Let s be u(5). Let b = s - 68. Suppose b*l + 1 = 13. What is the remainder when 14 is divided by l?
2
Suppose 0 = -21*l + 28*l - 770. Suppose 0 = -124*o + l*o + 3290. What is the remainder when o is divided by 11?
4
Calculate the remainder when 1097 is divided by (165/35)/((-19)/(2128/(-24))).
19
Suppose 24*t = 5*f + 25*t - 516, 5*f - 2*t - 528 = 0. Calculate the remainder when 321 is divided by f.
9
Suppose 4*k = 7*k - 5*q - 25, -5*k - 2*q = -21. Suppose -p + k*i - 2 = -16, 2*p + 4*i - 28 = 0. Calculate the remainder when p is divided by 5.
4
Let s be ((-34)/(-3))/(6/45). Suppose -100*d = -41 - 459. Suppose -d*z + s = -0*z. Calculate the remainder when 84 is divided by z.
16
Let w(d) = -2*d**2 + 9*d + 6. Let q be w(7). Let k = q - -31. What is the remainder when (-276)/16*-2*k*1 is divided by 18?
15
Let m(p) = 3360*p**3 - 13*p**2 + 11*p. What is the remainder when m(1) is divided by 84?
82
Let w(d) = 2*d**3 - 10*d**2 + 20*d - 17. Let q = 303 - 298. Calculate the remainder when w(q) is divided by (-2)/(-6) - 256/(-6).
40
Let j(a) = 10*a. Suppose 2655 = -79*k + 124*k. What is the remainder when k is divided by j(3)?
29
Let x = -404 - -404. Suppose o - 15 - 132 = x. What is the remainder when o is divided by 38?
33
Suppose 47*w - 48*w - 3*c = -199, -2*w + 4*c + 448 = 0. What is the remainder when 1642 is divided by w?
144
Let k = -141 + -20. Let d = -140 - k. Calculate the remainder when d is divided by 10.
1
What is the remainder when (-40)/6800*17 - (0 - 8222/20) is divided by 59?
57
Suppose -1 = -f - 5, -3*d + 3*f + 69 = 0. Let n be (-30)/(-75) + (-464)/10. Let i = 47 - n. What is the remainder when i is divided by d?
17
Let s be (2/3)/((-190)/15 - -12). Calculate the remainder when (-379)/(-1) + 6 + (-2 - s) is divided by 78.
72
Suppose 752*m - 756*m + 84 = 0. Calculate the remainder when (21/m)/((-1)/(-333)) is divided by 67.
65
Suppose 0 = -81*w + 41*w + 89320. What is the remainder when w is divided by 52?
49
What is the remainder when ((-58)/3*(65 + 98/(-7)))/(-1) is divided by 198?
194
Let c(g) = -24*g**3 + 2*g**2 + 4*g + 4. Calculate the remainder when 2283/18 + (-3)/(-18) is divided by c(-1).
23
Suppose 0 = 4*s + 3*y + 282, 2*s = 4*y - 180 + 28. What is the remainder when 235 is divided by s/(-90) - 873/(-15)?
58
Let o(r) = -12*r + 88. Let g be o(-7). Suppose -g*x - 66 = -183*x. Calculate the remainder when 94 is divided by x.
4
Let j(f) = 19*f**3 - 5*f**2 + 19*f - 10. What is the remainder when j(3) is divided by 52?
47
Let m(p) = p**3 - 45*p**2 - 758*p + 423. Let c = 24 - 9. Calculate the remainder when m(58) is divided by c.
11
Suppose -8 = 4*h + 44. Calculate the remainder when 66 is divided by (15 - h)/(1 + 1).
10
Suppose -2*g + 4*x = -266 - 258, 2*x + 2 = 0. What is the remainder when 725 is divided by g?
205
Let w(t) = -17*t**2 - 17*t - 44. Let c(v) = 8*v**2 + 8*v + 22. Let d(i) = 13*c(i) + 6*w(i). What is the remainder when d(5) is divided by (21/9)/((-1)/(-6))?
12
Calculate the remainder when 530 is divided by (780/(-2))/(-2) + 5 + (-6 - -7).
128
Suppose 9 = -3*g + 4*v - 3*v, -2*g = -5*v + 19. Let x = g - -68. What is the remainder when x is divided by 10?
6
Suppose 11758 + 1388 = 42*z. What is the remainder when z is divided by 23?
14
Let a = -2515 + 2586. Let x = 42 + -33. Calculate the remainder when a is divided by x.
8
Let q(z) = -3*z - 12. Let f be q(-6). Let j(n) = -4*n - 20 - 6*n + f + n**3 + 6*n**2. Calculate the remainder when j(-7) is divided by 6.
1
Suppose 0 = -v + 3*g + 417, 1137 = 3*v + 3*g - 54. Let d = -348 + v. What is the remainder when d is divided by 20?
14
Let p(i) = i**2 + 30*i + 272. Calculate the remainder when p(-22) is divided by 18/(-99) + 365/11.
30
Let c(j) = -351*j - 989. Calculate the remainder when c(-3) is divided by 14.
8
Let p be 5*(-24)/40 + (-458)/(-2). Let a = 447 - p. Calculate the remainder when a is divided by 16.
13
Suppose -957 = -6*a + 17*a. Let s = a + 129. Calculate the remainder when 79 is divided by s.
37
Suppose 28 + 104 = 11*i. Let w(z) = -z - 13. What is the remainder when w(-35) is divided by i?
10
Suppose 2*t + 79 - 77 = 0, 4*d - 10490 = 2*t. Calculate the remainder when d is divided by 64.
62
What is the remainder when 516/(-39)*65/(-10) is divided by 18?
14
Let i = -245 + 121. Let b = -117 - i. Calculate the remainder when 17 is divided by b.
3
Let i = 15 - -64. Let w be ((4 - 16) + -1)*24/(-4). Suppose -79*a + 20 = -w*a. Calculate the remainder when i is divided by a.
19
Suppose -4*u = -3*i + 8*i - 58, -4*i + 26 = 2*u. Suppose 37*m + 4200 = 7*m. Let n = 201 + m. Calculate the remainder when n is divided by u.
10
Let z be 655*1 - -10*(-6)/(-12). Suppose 16*c + z = 31*c. Calculate the remainder when 158 is divided by c.
26
Let q(o) = o**2 - 45*o + 426. What is the remainder when q(9) is divided by 13?
11
Let t be 2 + 3 + -3 + 15. Suppose 5*m + 57 - t = 5*s, s + 5*m - 14 = 0. Let o(p) = -p**2 - 23*p - 16. What is the remainder when o(-20) is divided by s?
8
Suppose 7 = 2*q - 1. Suppose 4*x - 41 = -o, 9*o + 70 = 5*x + q*o. What is the remainder when 53 is divided by x?
9
Let a(m) = 3*m**3 - 2*m**2 + 1. Let x be a(1). Let g = -18424 - -18434. What is the remainder when x/10 - 420/(-25) is divided by g?
7
Let a = 16200 - 16008. Calculate the remainder when 639 is divided by a.
63
Let n be -13 - -15 - (1 - 1)/2. Suppose p - 12 = -n*q, 4*q + 17 = 2*p + q. Calculate the remainder when 23 is divided by p.
3
Suppose -12375 = -3*m - 3*q, -3*m = 8*q - 13*q - 12359. Calculate the remainder when m is divided by 75.
73
Let d(l) = -69*l**3 - l + 2. Let u be d(1). Let k be (-1 - -6) + (83 + 0)/(-1). Let f = u - k. Calculate the remainder when 29 is divided by f.
9
Suppose 2*f = 5